 prime factors of b.
11, 2221
Suppose 24 = -6*t - 216. Let s be 1/(4/(t/(-42)) - 4). Suppose 5*q = -s*x + 675, -2*q + 207 = 4*x - 333. List the prime factors of x.
3, 5
Let z(o) = 46 - 49 - 241*o + 18. What are the prime factors of z(-5)?
2, 5, 61
Suppose 0 = 110*x - 108*x + 52. List the prime factors of (-13)/(x/4)*2564/8.
641
Let h = -204 - -199. List the prime factors of 2346/10 - (0 + (-3)/h).
2, 3, 13
Let d(t) = -3*t - 2*t + t**2 + 7*t**3 - 4*t**2 + 0*t**2 - 6. Let b be d(5). Let n = b + -532. List the prime factors of n.
3, 79
Suppose 86 = 20*d - 19*d. Let t = 163 - d. What are the prime factors of t?
7, 11
Let p(c) = 2*c**2 + c. Let q be p(1). Suppose 0 = -4*j + 3*y + 80 + 2054, q*y - 526 = -j. What are the prime factors of j?
2, 7, 19
Let p = 735 + -691. Suppose p*o = -17*o + 91927. List the prime factors of o.
11, 137
Let o = 2785 - 1120. What are the prime factors of o?
3, 5, 37
Suppose -101*n = 62*n - 192302 - 175915. What are the prime factors of n?
3, 251
Let t(m) = -426*m**3 + 3*m**2 + m. Suppose -17 = 11*x - 6*x + 4*v, 0 = -3*x - 3*v - 12. List the prime factors of t(x).
2, 107
List the prime factors of 7995/2 - ((-189)/(-6))/(-21).
3, 31, 43
Let q(t) = 7*t**2 + 103*t + 90. What are the prime factors of q(-34)?
2, 3, 5, 13
Let x(z) = z**3 - 5*z**2 - 3*z - 13. Let g(t) be the first derivative of -t**2 - 8*t + 10. Let p be g(-7). List the prime factors of x(p).
5
Suppose 4*i + 3*z + 1180 = 0, 1475 = -5*i + 5*z - 0*z. Let w = i - -419. What are the prime factors of w?
2, 31
Suppose 5*g = -2*z + 19921, 0 = -3*g - 5*z + 4071 + 7893. What are the prime factors of g?
7, 569
Let a(y) = 2*y**3 - 28*y**2 + 50*y. What are the prime factors of a(23)?
2, 23, 29
Let z(i) = i**2 - 11*i + 71. Let w be z(22). Suppose 0 = -x + 4*h + 736 + w, 0 = 2*h + 8. List the prime factors of x.
1033
Suppose -l - l = -22. Suppose -x + 6 - l = 0. What are the prime factors of (2 - -3)/x + 68?
67
Let r be (-4)/5 + 131/(-5). Let q be (r - -3)*(-4)/3. Let s = 64 - q. What are the prime factors of s?
2
Let z = 22599 - -47837. List the prime factors of z.
2, 17609
Let h(c) be the second derivative of -5*c**3/3 + 23*c**2 - c + 19. What are the prime factors of h(-5)?
2, 3
Let i be 28/(-49)*(-7)/6*18. Let z be (-2)/(-3) + 88/i. Suppose 2*w + 756 = z*w. What are the prime factors of w?
2, 3, 7
Let q(j) = 353*j**2 - 878*j - 875*j + 1747*j + 6 + 794*j**2. What are the prime factors of q(1)?
31, 37
Let m be (-7)/42 - 2102/(-12). Suppose 5*d + m = 5*n, 4*d = -0*d - 4*n - 108. Let q = 45 - d. List the prime factors of q.
2, 19
Suppose -2*k - 30734 = -2*f, -4*f + 53797 = -3*k - 7677. List the prime factors of f.
15373
Suppose 2*a = -2*b + 17378, -15*b + 13*b = -2*a + 17362. What are the prime factors of a?
3, 5, 193
Let h(k) = -13*k - 5 - 4 - 13. Let w be h(-4). List the prime factors of (4/6)/(w/765).
17
Let c be (-6482)/(-10) - 2/10. Let s = -1390 + c. List the prime factors of (0 + 0 + -1)/(14/s).
53
Let w = 81309 - 52491. What are the prime factors of w?
2, 3, 1601
Let c(y) = y**2 - y - 8. Let o be c(3). What are the prime factors of (-1454)/(-8) + o - 2/(-8)?
2, 3, 5
Let u(z) = z**2 + 4*z - 7. Let a be u(-6). Suppose -a*d + 486 - 26 = 5*o, -344 = -4*d + 2*o. Suppose 3*n - d - 68 = 0. What are the prime factors of n?
2, 13
Suppose 8 = 4*s - 5*t + 2*t, s = 3*t + 2. Suppose 0 = h + s*f - 188, -4*h - f + 770 = -2*f. What are the prime factors of h?
2, 3
List the prime factors of (1369058/(-1358))/(2/(-14)).
7057
Let k(o) be the second derivative of 403*o**3/6 + 2*o**2 + 2*o + 123. List the prime factors of k(1).
11, 37
Let l(y) = 799*y**2 + 238*y - 1409. List the prime factors of l(6).
107, 269
Let h be (2 - 1)/(-1) - 142. Suppose 10*p + 1333 = 3. Let d = p - h. What are the prime factors of d?
2, 5
Let c(g) = 8*g**2 + 1 - 15 + 4 + 17*g + 2*g**2 + 39*g**2. What are the prime factors of c(3)?
2, 241
Let b(x) = 3*x**2 - 2*x - 12. Let a(p) = -6*p + 14. Let q be a(3). Let c be -3*(51/(-9) - q). List the prime factors of b(c).
53
Let q(k) = 16*k - 53. Let w be q(5). Let j(b) = b**2 + b - 42. What are the prime factors of j(w)?
2, 3, 7, 17
Let b(d) = -18*d**3 - 2*d**2 + d + 296. List the prime factors of b(-9).
13, 1019
Suppose 13*g = -5*g + 414. Let l = g + 20. Suppose -3*a = s - 12, -3*s + l = a - 25. List the prime factors of s.
2, 3
Suppose 0 = -21*m + 16*m - 4945. Let p = m + 1797. List the prime factors of p.
2, 101
Let k(d) = 2*d**2 + 4*d + 5. Let s be k(-2). Let f(l) = 5*l - 20. List the prime factors of f(s).
5
What are the prime factors of (31*-1098 - 4)/(60/(-30))?
17021
Let g(r) = 3551*r**3 + r**2 - 16*r - 15. Let y(z) = -5327*z**3 - 2*z**2 + 22*z + 22. Let m(c) = -7*g(c) - 5*y(c). List the prime factors of m(1).
2, 7, 127
What are the prime factors of 539/49 - (-11182)/2?
2, 2801
Let f(y) = y**3 + 10*y**2 - 4*y + 12. Let t be f(-8). Let x = t - -259. List the prime factors of x.
431
Let t = 17140 - -634. List the prime factors of t.
2, 8887
Let i be (9/(-2))/(13/26). List the prime factors of ((-13)/(390/(-740)))/((-2)/i).
3, 37
Let k be (-15)/(-10)*(1 + 5) - 0. Suppose -32 = -k*g + g. Suppose 3*r - 4*r + 189 = 3*s, 3*s - 174 = g*r. List the prime factors of s.
2, 31
Suppose -5*k = 82 + 193. Let d = -53 - k. Suppose 159 = d*z + 61. List the prime factors of z.
7
Suppose -10*x = -3*b - 6*x + 11, -x + 22 = 2*b. Suppose b*c - 4243 = 797. What are the prime factors of c?
2, 5, 7
Suppose 9*m - 21 = 24. Suppose 0 = m*s - 1548 + 133. Suppose s = 3*q - 4*a, 2*a - 86 + 553 = 5*q. What are the prime factors of q?
3, 31
Let g be (11/4)/(12/48). Let q(f) = 2*f**2 - 12*f - 23. Let a be q(g). Let n = a + -11. List the prime factors of n.
2, 19
Let j(p) = 5202*p**2 + 577*p + 13. What are the prime factors of j(-4)?
3, 17, 23
Let c(g) = -16*g + 848. List the prime factors of c(-13).
2, 3, 11
Let h(q) = -q**3 + 20*q**2 + 23*q - 3. Let g be h(21). Suppose 13*r - g = 12*r. Let d = r + 23. What are the prime factors of d?
2, 31
Suppose -4388 - 34180 = -13*t - 4*q, t + q - 2964 = 0. What are the prime factors of t?
2, 7, 53
Let j be -19*(-1)/(-1)*-6. Let f = -23 + j. Let k = f - 3. What are the prime factors of k?
2, 11
Let u(q) = -q**3 + 7*q**2 - 13*q + 16. Let t be u(5). Let m(c) = 467*c**3 - c**2 - 5*c + 5. List the prime factors of m(t).
2, 233
Suppose 3*f + 3*j = 70581, -12*f + 5*j = -13*f + 23511. List the prime factors of f.
23531
Let w(o) = 21*o - 7. Suppose 47 = 13*i - 18. What are the prime factors of w(i)?
2, 7
What are the prime factors of 23099*((-14)/(-6) - (-104)/(-78))?
23099
Let h = -42 + 45. Suppose -2*q = h*r - 231, -5*q + 349 = -2*q + 2*r. Suppose 34 = a - q. What are the prime factors of a?
151
Let s(p) = 4584*p + 3628. List the prime factors of s(5).
2, 6637
Let z(f) = 53427*f**2 - f + 1. What are the prime factors of z(-1)?
23, 101
What are the prime factors of (-10)/(2*(-23)/23805)?
3, 5, 23
Suppose 17*k - 24651 - 1558 = 31421. List the prime factors of k.
2, 3, 5, 113
Let j be (-2 + (0 - -1))*(-2 + 2). Suppose -5*q + 7*q - 190 = j. Suppose -f + q = 4*f. What are the prime factors of f?
19
Suppose 119*o = 271*o - 5790896. What are the prime factors of o?
2, 43, 443
Let p(v) be the first derivative of -5*v**4/24 + 3*v**2 + 23. Let u(q) be the second derivative of p(q). What are the prime factors of u(-17)?
5, 17
Let w = 1782 - 196. List the prime factors of w.
2, 13, 61
Let k(m) = -m**3 + 37*m**2 - 37*m + 52. Let a be k(36). Suppose -74 = -3*g - 14. Suppose -3*r + a = r + s, g = 5*r + s. What are the prime factors of r?
2
Let l(q) be the third derivative of 23*q**5/40 + 7*q**4/12 + 8*q**3/3 - 30*q**2. Let k(i) be the first derivative of l(i). List the prime factors of k(4).
2, 5, 29
Let y(p) = -21*p**3 - 39*p**2 + 20*p - 70. List the prime factors of y(-14).
2, 5, 7, 709
Suppose -o - 597 + 151 = 0. Let m = -195 - o. List the prime factors of m.
251
Suppose -128 = 5*h - h. Let m = h - -35. Suppose w = -c + 33, -m*c + 0*w = -4*w - 92. List the prime factors of c.
2
Let d = -1528 + 1678. Let v = 18 + -4. Let w = v + d. What are the prime factors of w?
2, 41
Let q = 14691 - 7672. What are the prime factors of q?
7019
Let b be (-1 - -2)/((-3)/141). Let r = b - -44. What are the prime factors of 36*((-8)/r + -2 + 2)?
2, 3
Suppose 17*z + 12*z - 5*z = 413952. List th